Suppose j = -3*s + 17, s - 2*j + 11 = j. Suppose 4*n + 336 = s*k, 3*k + 2*k = -2*n + 448. Is -3 - -2 - -1*k composite?
True
Let c(v) = 65*v**2 - 3*v + 39. Is c(7) composite?
False
Suppose 4*m - 5*x + 0 = -7, -3*x = -9. Let h(k) = -7*k**2 - k - 2. Let s be h(m). Let c = 55 + s. Is c a composite number?
False
Let k = -219 + 340. Is k a prime number?
False
Suppose -10065 - 16926 = -9*f. Is f composite?
False
Suppose o + 4*z = -o + 26, -3*o + 5*z = 5. Let r be (5 - 1)*2/4. Suppose -b + 36 = -v, -r*v + 198 = o*b - v. Is b composite?
True
Let n = 3 - 1. Let c be (-3)/(12/(-10))*n. Suppose -101 + 4 = -b + c*l, 8 = -2*l. Is b a prime number?
False
Suppose 5*s - 343 = -1793. Let n = -67 - s. Is n a composite number?
False
Let z(j) = -2*j - 1. Let n be z(-2). Let m be 6/2 - (4 - n). Suppose 3*y - m*y = 115. Is y composite?
True
Suppose 5*a + 123 = 4*p + 7, -a = -p + 28. Suppose -4*m - 2*g = -0*g - 252, g - 252 = -4*m. Let i = m - p. Is i prime?
False
Suppose 5*r - 51 = 104. Is r prime?
True
Suppose -7*h + 5 = -2*h, -3*f = -5*h - 601. Is f a prime number?
False
Is 925/3 - (-36)/(-27) a prime number?
True
Let m(w) = w**3 + 19*w**2 - 19*w + 10. Is m(-11) composite?
False
Is (-5 - -2) + 1477 - 18/6 a prime number?
True
Suppose -5*b + z - 80 = -b, 5*z - 58 = 2*b. Let p(q) = -q**2 + 5*q - 2. Let o be p(6). Let i = o - b. Is i composite?
False
Suppose -2101 = -3*c + 5*s, -4*c = 5*s - 0*s - 2778. Is c prime?
False
Suppose 2*o = -3*o + 330. Suppose 5*s - 177 - o = -4*t, 0 = 2*s - 2*t - 108. Is s a prime number?
False
Suppose -4 = 4*v - 0*v. Let o be (-14)/(-8) + v/(-4). Suppose -2*i = -o*p - 34, -i - 1 + 20 = -2*p. Is i prime?
False
Suppose 3*d + 15 = 4*d - v, -61 = -3*d - v. Is d composite?
False
Is ((-10420)/2)/(-1*10/5) a prime number?
False
Let n(b) = 5*b**2 + 18*b - 10. Is n(13) composite?
False
Let j(o) = -2*o + 5 - 6*o + 5 + o**3 + 2*o - 8*o**2. Is j(9) composite?
False
Let g(x) = 21*x + 2 + 46*x + 18*x. Is g(3) a composite number?
False
Suppose 3*o - 165 = 6*o. Let z = -20 - o. Is z composite?
True
Let y(x) = -x**3 - 10*x**2 - 5*x + 15. Is y(-11) a prime number?
True
Suppose 9*m = 8*m + 541. Is m a composite number?
False
Let n(z) = -6*z**2 - z + 1. Let g be n(1). Let u = g - -4. Is u/(6/(-165) + 0) prime?
False
Let t = -3 + 18. Let x be t - (0 + 0/1). Let q = 34 - x. Is q prime?
True
Let t = -1 - -7. Suppose -t = -l - 2*l. Suppose u + l*m = -3*m + 31, -4*u + 4*m = -124. Is u a prime number?
True
Let g = -1001 + 1594. Is g a prime number?
True
Suppose -4*t = 2*n - 220, -n + 5*t = n - 202. Is n composite?
True
Let s be (123/(-6) - -3)*-10. Suppose -6*v = -v - s. Is v a composite number?
True
Let g be (0 - 0 - 1)*-1. Let y be g + 29 + (-1 - -3). Suppose -4*q - 4*u + y = 0, 0*q - u = 2*q - 11. Is q a prime number?
True
Suppose 5*o - 2*f + f - 280 = 0, 210 = 4*o + 2*f. Is o a composite number?
True
Let v(i) = -103*i - 72. Is v(-7) a composite number?
True
Let o(g) = g**3 - 3*g**2 - 3*g + 1. Let p be o(4). Let f(d) = -2*d + 2. Let z be f(-2). Suppose 0 = -p*a - z + 81. Is a a prime number?
False
Suppose -3*q - 3*t + t = -16, 3*q - 14 = -t. Is 2*(-1)/(q/(-218)) a prime number?
True
Let o(i) = 32*i + 4. Let b be o(3). Suppose -5*g + 71 + b = -2*c, 5*g = -2*c + 159. Is g composite?
True
Let h(r) = 94*r - 3. Is h(2) a composite number?
True
Let p = 740 + -309. Is p composite?
False
Suppose -179 = -6*x + 895. Is x a prime number?
True
Suppose -5*a + 0*a - 536 = -2*h, a = 5*h - 1317. Is h composite?
False
Let h(n) = -4 - 7 - 4*n**2 - 4*n + 4*n**2 + n**2. Let f = 13 + -1. Is h(f) a prime number?
False
Suppose -5*q + 45 = 5*d, d - 5*q - 24 = -3*q. Is d a prime number?
False
Suppose 5*b - 37 = -3*a, -6*b = 2*a - 2*b - 24. Let s = 29 - a. Is s prime?
False
Suppose 10*l - 218 - 1052 = 0. Is l a prime number?
True
Let r = 43 - -1174. Is r composite?
False
Let s(q) = 443*q**2 - 2*q - 2. Is s(-1) a prime number?
True
Let b be (-1 + 0)/((-2)/6). Suppose -3*y + x = 2*x - 5, -5*y - 15 = -b*x. Suppose -5*j + 5*w - 4*w = -805, y = -2*j - w + 322. Is j a composite number?
True
Suppose 2*b - 120 = s - 3*s, b - 3*s = 56. Suppose -2*t + t + b = 0. Is t a composite number?
False
Let u = 73 - 104. Let h = 52 + u. Is h a prime number?
False
Let n = 693 + -218. Suppose n = 5*p - 220. Is p a prime number?
True
Suppose c - 5 = -3*s, -5*c = -s + 12 + 11. Is (-3)/s*(0 + -167) composite?
False
Let c(n) = 394*n - 31. Is c(6) a prime number?
True
Suppose -h + 3 = -0. Suppose -2*y - y + 29 = -5*d, -4*y - h*d + 29 = 0. Is (-6)/y + (-5607)/(-36) composite?
True
Suppose -180 = -0*h - 5*h. Suppose -k = -1 - h. Is k a composite number?
False
Is (6*1/4)/(3/838) a composite number?
False
Let z(f) = -31*f - 6. Let x = 7 + -14. Is z(x) composite?
False
Let u(n) = -364*n + 2. Let v(y) = -1. Let x(t) = -u(t) - 3*v(t). Suppose 5*d - 3 - 2 = 0. Is x(d) composite?
True
Let h be (-1 - -1)/(2/(-1)). Suppose 3*o - 2*o = 2*l - 3, h = 3*l + 5*o - 37. Suppose b - 174 = -3*f, 0 = f - l*b + b - 58. Is f a composite number?
True
Is (-26)/(-4)*280/20 prime?
False
Suppose 3*j = j. Let v(q) = -q**3. Let o be v(j). Suppose -105 = -o*a - 3*a. Is a a prime number?
False
Suppose 4*b = -4*n, 5*n = 2*n - b + 8. Let x be 1/2 + (-2)/n. Suppose x = -h + 8 + 15. Is h composite?
False
Suppose 0 = 4*m + m - 590. Is m a prime number?
False
Let m = 24 + -44. Let n = 69 + m. Let h = -35 + n. Is h composite?
True
Is ((-337)/5)/((-1)/5) a composite number?
False
Let y(b) = 5*b**3 + b**2. Let w be y(-2). Let l be (w/30)/((-4)/50). Is 3/l + (-228)/(-10) a prime number?
True
Let s = 172 + -61. Let d = s - 75. Suppose -161 = -5*g - d. Is g a prime number?
False
Suppose 0 = -3*d + 3*y + 174, -4*d = d + y - 320. Suppose 0 = -2*m - 10, 0 = -i - 3*i - 5*m + d. Is i prime?
False
Let b(c) = -c**3 - 5*c**2 - 5*c - 4. Let o be b(-4). Suppose o = -4*v - 2*s + 12, v + 2 = -s - 2*s. Suppose 0 = -v*j - j + 70. Is j a composite number?
True
Let w(v) = v + 13. Let m be w(0). Let u = m - -54. Is u a composite number?
False
Suppose 1498 = 6*t - 260. Is t prime?
True
Suppose -3*a - 2*x = -115, 3*a - 4*x = -x + 90. Is a prime?
False
Is (-9476)/(-5) - ((-9)/5 - -2) composite?
True
Let r(u) = -43*u + 3. Let x be r(-4). Let v = x - 84. Is v composite?
True
Suppose -4 + 0 = -2*f. Is f/11 - (-1307)/11 a prime number?
False
Suppose o = 7*a - 3*a + 11, 3*o = 3*a + 15. Suppose i = -0*i - 6. Is ((-2)/i)/(o/333) prime?
True
Let v be (6/9)/((-5)/30). Is (-1070)/(-20) + 2/v a prime number?
True
Let c = -880 + 593. Let j = -121 - c. Is j composite?
True
Let f(g) = -g**3 + 11*g**2 + 5*g + 6. Is f(5) a prime number?
True
Suppose -2*o - 2 = 0, -4*d + 22 - 3 = o. Suppose -409 = -d*l + 66. Is l composite?
True
Let a(u) = -6*u - 5*u**2 + 3*u**2 + u**2 + 1. Let j be a(-5). Suppose j = 2*t + t. Is t a prime number?
True
Let p(m) = 334*m + 7. Let j be p(3). Suppose 4*o - j = 1435. Is o prime?
False
Let v(i) = -i - 28. Let b be v(0). Let y(q) = 8*q**2 - 2*q - 1. Let c be y(2). Let h = c - b. Is h a prime number?
False
Let k(m) = -m**3 - 8*m**2 - 2*m - 9. Let w(c) = 3*c + 11. Let a be w(-7). Is k(a) prime?
True
Suppose -2*w + 768 = -5*j, -2*w + 0*j + j = -776. Is w composite?
False
Let z = -5 + 3. Let c = 147 - z. Is c a prime number?
True
Let k(p) = -25*p + 7. Is k(-12) a prime number?
True
Let g(i) = -5*i - 10 + i**2 + 5*i. Is g(5) prime?
False
Let f = 8 - 3. Suppose 0 = j + v, -v + 2 = -2*j - f*v. Is 2 - (1 + j) - -39 a composite number?
True
Suppose 0 = 3*s - 66 - 87. Suppose -s = -d + 16. Is d composite?
False
Let d = -860 + 1239. Is d composite?
False
Suppose -23 - 15 = -u + 3*b, 2*u - 76 = 5*b. Let y = u + 49. Is y a composite number?
True
Let g(d) = -d**3 + 2*d**2 + d - 1. Let n be g(1). Let s be -2 + n + (0 - -67). Let q = s + -29. Is q a composite number?
False
Let x(d) = -53*d - 6. Is x(-5) a composite number?
True
Let q = -147 + 274. Is q prime?
True
Suppose -s + 4 = -3*s, -5*s = i - 69. Is i prime?
True
Let u(g) = 26*g - 4. Is u(7) prime?
False
Is 6 + -6 - (-1 - -1 - 127) prime?
True
Is -2 + 215 + -3 - -1 a composite number?
False
Let i(r) = 7*r**3 - 3*r**2 + 7*r + 6. Is i(7) composite?
False
Suppose -553 = -5*d + 502. Is d prime?
True
Suppose c = 109 + 61. Suppose -5*g + 450 = 5*b, 0*b - 4*b = 2*g - c. Is g composite?
True
Let a = 6 - 4. Suppose 1 = n + a*l - 1,